True
Is 6971 a multiple of 18?
False
Is 43575 a multiple of 35?
True
Is 8505 a multiple of 105?
True
Does 21 divide 2638?
False
Is 2 a factor of 110?
True
Is 16140 a multiple of 12?
True
Is 43 a factor of 34740?
False
Is 129752 a multiple of 14?
True
Is 50 a factor of 2150?
True
Is 12 a factor of 96?
True
Is 48 a factor of 1550?
False
Is 8 a factor of 4444?
False
Is 303 a multiple of 3?
True
Is 528 a multiple of 48?
True
Is 7125 a multiple of 75?
True
Is 19020 a multiple of 34?
False
Is 197 a factor of 9837?
False
Is 34 a factor of 152003?
False
Does 14 divide 762?
False
Is 1025 a multiple of 6?
False
Does 68 divide 816?
True
Is 237 a factor of 60929?
False
Does 34 divide 2618?
True
Is 28 a factor of 1224?
False
Does 14 divide 4297?
False
Does 10 divide 3010?
True
Does 35 divide 945?
True
Is 4 a factor of 580?
True
Is 24596 a multiple of 43?
True
Is 39 a factor of 2418?
True
Is 68 a factor of 340?
True
Is 2856 a multiple of 42?
True
Does 15 divide 2370?
True
Is 50 a factor of 1879?
False
Is 1647 a multiple of 9?
True
Does 85 divide 2210?
True
Is 203 a factor of 7487?
False
Does 11 divide 209?
True
Is 14 a factor of 3337?
False
Does 7 divide 1199?
False
Is 92210 a multiple of 356?
False
Is 12799 a multiple of 21?
False
Is 3 a factor of 83?
False
Is 12 a factor of 2871?
False
Does 19 divide 3933?
True
Is 35 a factor of 45930?
False
Is 40 a factor of 1280?
True
Is 6 a factor of 3804?
True
Is 2 a factor of 7217?
False
Does 5 divide 101?
False
Is 496 a multiple of 11?
False
Is 18 a factor of 12662?
False
Is 559 a multiple of 13?
True
Is 10 a factor of 410?
True
Does 5 divide 935?
True
Is 339 a multiple of 4?
False
Is 320 a multiple of 16?
True
Is 1656 a multiple of 69?
True
Is 7 a factor of 11956?
True
Is 14 a factor of 173?
False
Does 14 divide 8750?
True
Does 8 divide 328?
True
Is 429 a multiple of 33?
True
Is 75 a factor of 17475?
True
Is 98 a factor of 60466?
True
Does 21 divide 588?
True
Does 57 divide 5301?
True
Is 630 a multiple of 10?
True
Is 61 a factor of 20188?
False
Is 181 a factor of 37105?
True
Is 26976 a multiple of 24?
True
Does 51 divide 59568?
True
Is 12081 a multiple of 23?
False
Does 14 divide 39970?
True
Is 6 a factor of 3738?
True
Is 52942 a multiple of 63?
False
Is 57 a factor of 6926?
False
Is 9314 even?
True
Is 40023 a multiple of 101?
False
Is 7397 a multiple of 2?
False
Is 29667 a multiple of 87?
True
Is 16344 a multiple of 36?
True
Does 38 divide 32855?
False
Is 107100 a multiple of 420?
True
Does 67 divide 1474?
True
Is 17 a factor of 6460?
True
Is 43 a factor of 12943?
True
Is 713 a multiple of 21?
False
Does 12 divide 1477?
False
Is 8 a factor of 278?
False
Is 44 a factor of 269?
False
Does 12 divide 240?
True
Does 31 divide 744?
True
Is 49 a factor of 196?
True
Is 3231 a multiple of 9?
True
Does 5 divide 4497?
False
Does 15 divide 6960?
True
Does 13 divide 45968?
True
Is 19 a factor of 154?
False
Is 16173 a multiple of 27?
True
Does 13 divide 9319?
False
Is 4 a factor of 5307?
False
Is 59593 a multiple of 267?
False
Does 20 divide 2780?
True
Is 17 a factor of 7837?
True
Does 8 divide 13438?
False
Is 6 a factor of 302?
False
Is 17 a factor of 1445?
True
Is 11880 a multiple of 88?
True
Is 16 a factor of 1385?
False
Is 220 a multiple of 20?
True
Does 148 divide 26936?
True
Is 136 a multiple of 8?
True
Is 21 a factor of 676?
False
Is 136 a multiple of 4?
True
Is 3670 a multiple of 9?
False
Is 8670 a multiple of 34?
True
Is 31644 a multiple of 12?
True
Does 21 divide 525?
True
Is 74 a multiple of 5?
False
Is 12 a factor of 37380?
True
Is 9 a factor of 342?
True
Does 106 divide 106?
True
Is 9746 a multiple of 52?
False
Is 497 a multiple of 31?
False
Is 23 a factor of 1469?
False
Is 92 a factor of 8372?
True
Does 231 divide 24340?
False
Is 15 a factor of 623?
False
Does 272 divide 61927?
False
Does 57 divide 23914?
False
Is 88 a factor of 352?
True
Is 36 a factor of 2614?
False
Is 810 a multiple of 5?
True
Is 262 a multiple of 11?
False
Does 34 divide 102884?
True
Is 54 a factor of 1242?
True
Is 158 a multiple of 9?
False
Is 13 a factor of 8918?
True
Is 19912 a multiple of 13?
False
Is 4 a factor of 1045?
False
Does 226 divide 50198?
False
Is 3 a factor of 553?
False
Is 69 a multiple of 3?
True
Is 105 a factor of 3325?
False
Is 521 a multiple of 9?
False
Does 6 divide 36?
True
Is 285 a multiple of 5?
True
Is 6 a factor of 14004?
True
Is 93879 a multiple of 19?
True
Is 12 a factor of 497?
False
Is 17 a factor of 1009?
False
Is 627 a multiple of 15?
False
Is 177 a factor of 15212?
False
Is 11324 a multiple of 9?
False
Is 953 a multiple of 6?
False
Does 29 divide 1073?
True
Is 54 a factor of 6102?
True
Is 60 a factor of 18600?
True
Is 2175 a multiple of 145?
True
Is 8497 a multiple of 29?
True
Is 105 a factor of 12014?
False
Is 15 a factor of 3525?
True
Is 2164 a multiple of 55?
False
Is 56 a factor of 937?
False
Does 21 divide 775?
False
Does 44 divide 308?
True
Is 108486 a multiple of 20?
False
Is 2349 a multiple of 27?
True
Is 2271 a multiple of 20?
False
Does 181 divide 8451?
False
Does 50 divide 743?
False
Is 2088 a multiple of 36?
True
Is 13502 a multiple of 43?
True
Is 4894 a multiple of 40?
False
Is 264 a multiple of 66?
True
Is 5734 a multiple of 61?
True
Is 5038 a multiple of 11?
True
Is 255 a multiple of 51?
True
Is 18424 a multiple of 30?
False
Is 5 a factor of 185?
True
Does 105 divide 7668?
False
Does 36 divide 396?
True
Is 4 a factor of 5775?
False
Does 40 divide 689?
False
Does 6 divide 618?
True
Is 331 a factor of 48943?
False
Does 6 divide 1124?
False
Is 164 a multiple of 4?
True
Is 6913 a multiple of 31?
True
Is 1190 a multiple of 17?
True
Does 146 divide 17299?
False
Is 76 a factor of 22967?
False
Is 123 a factor of 49938?
True
Does 7 divide 636?
False
Does 16 divide 5236?
False
Does 173 divide 19722?
True
Is 20 a factor of 400?
True
Is 136 a factor of 56032?
True
Is 602 a multiple of 46?
False
Is 6328 a multiple of 4?
True
Does 16 divide 17229?
False
Is 625 a multiple of 25?
True
Does 3 divide 18?
True
Does 46 divide 8151?
False
Is 112 a factor of 20608?
True
Is 9 a factor of 1107?
True
Is 49 a multiple of 3?
False
Does 24 divide 3365?
False
Is 429 a multiple of 13?
True
Is 12 a multiple of 12?
True
Is 7 a factor of 1057?
True
Does 12 divide 6660?
True
Is 1731 a multiple of 48?
False
Does 25 divide 952?
False
Is 2860 a multiple of 55?
True
Is 8 a factor of 134?
False
Does 18 divide 684?
True
Does 37 divide 23014?
True
Is 176110 a multiple of 314?
False
Is 44 a factor of 21828?
False
Is 5 a factor of 106?
False
Does 6 divide 1885?
False
Is 4 a factor of 296?
True
Does 30 divide 34279?
False
Does 5 divide 999?
False
Is 8 a factor of 10475?
False
Does 64 divide 425?
False
Does 3 divide 977?
False
Is 16 a factor of 23808?
True
Is 8 a factor of 3832?
True
Does 18 divide 177?
False
Does 13 divide 156?
True
Is 102165 a multiple of 15?
True
Is 50 a factor of 3956?
False
Does 201 divide 3216?
True
Is 625 a multiple of 25?
True
Is 6486 a multiple of 6?
True
Does 9 divide 225?
True
Does 7 divide 16597?
True
Is 82473 a multiple of 38?
False
Is 22 a factor of 1672?
True
Is 337 a multiple of 66?
False
Is 6573 a multiple of 19?
False
Does 61 divide 320?
False
Is 3934 a multiple of 9?
False
Is 11341 a multiple of 130?
False
Does 16 divide 16?
True
Is 7883 a multiple of 92?
False
Is 16128 a multiple of 16?
True
Is 2 a factor of 40?
True
Does 79 divide 44082?
True
Is 99 a factor of 4705?
False
Does 11 divide 20755?
False
Is 131 a multiple of 3?
False
Does 19 divide 717?
False
Is 4 a factor of 1052?
True
Does 44 divide 17286?
False
Is 5094 a multiple of 11?
False
Does 7 divide 98?
True
Is 16972 a multiple of 38?
False
Is 365 a factor of 68985?
True
Is 44 a factor of 1232?
True
Is 64 a factor of 1024?
True
Is 1504 a multiple of 18?
False
Is 3215 a multiple of 37?
False
Is 39 a factor of 897?
True
Does 53 divide 9752?
True
Is 3 a factor of 428?
False
Is 116887 a multiple of 47?
False
Does 25 divide 7966?
False
Is 1527 a multiple of 65?
False
Is 8740 a multiple of 12?
False
Is 5388 a multiple of 71?
False
Is 341 a multiple of 31?
True
Does 7 divide 4951?
False
Is 6 a factor of 1470?
True
Is 1078 a multiple of 17?
False
Is 56 a factor of 27552?
True
Is 10 a factor of 153?
False
Does 24 divide 2356?
False
Is 62 a factor of 2